*h - 7. Suppose 4*s - 7 = 3*s. Let v be y(s). What is the greatest common divisor of v and 9?
9
Let f = 9 - 5. Let s(v) = 1 - 2*v**2 - f + 3*v**2 - v. Let m be s(3). What is the greatest common divisor of m and 2?
1
Suppose 54 = 2*v + 26. Let p(t) = 6*t - 1. Let l be p(1). Suppose l*m - 42 + 7 = 0. Calculate the highest common factor of m and v.
7
Let s be 474/9 + (-2)/(-6). Suppose 3*p - s = 7. Suppose -5*c - p = 0, -2*d + 0*d - 5*c - 14 = 0. Calculate the highest common divisor of d and 3.
3
Let i be (-5)/10*520/(-4). What is the highest common divisor of 13 and i?
13
Let h be (-4)/10 + 2548/70. Calculate the highest common divisor of 36 and h.
36
Suppose 20 + 10 = 5*m. Let n(u) = -u**3 + 5*u**2 + 8*u - 9. Let z be n(m). Suppose 0 = 6*d - 2*d - 108. What is the highest common divisor of d and z?
3
Let s be 18/30 + (-217)/(-5). What is the greatest common divisor of s and 4?
4
Suppose -3*f - 4*z - 113 = -6*f, -4*f + z + 142 = 0. Suppose -2*r = -7*r + f. Suppose 0 = -o + r + 5. What is the greatest common divisor of 3 and o?
3
Suppose -4*t - 2*q - 18 = -0*q, 4 = -2*t - 2*q. Let g be 12/42 - 530/t. Let h = g + -40. Calculate the highest common factor of h and 9.
9
Let t(c) = -c**3 - 8*c**2 - 2*c - 12. Let g be t(-8). Let j(w) = w + 5. Let v be j(0). Suppose 2*f - v*f = -48. Calculate the highest common divisor of f and g.
4
Let k(w) = -w + 6. Let q be k(6). Suppose q*t - 12 = -3*t. What is the greatest common factor of 28 and t?
4
Let i(t) = 3*t**3 + 22*t**2 - 17*t + 10. Let y be i(-8). Let f = -62 + 98. Suppose f = -r + 3*r. What is the highest common factor of r and y?
18
Let t(l) = l + 13. Let g(h) = 3*h + 10. Let d be g(-7). Let o be t(d). Suppose 3*i - 35 = o*i. Calculate the highest common factor of 7 and i.
7
Let d(a) = a**3 - 4*a**2 + 5. Let q be d(6). Calculate the highest common factor of 11 and q.
11
Let t = 14 + -9. Suppose 0*x + 16 = 4*x, t*b = 2*x + 2. What is the greatest common factor of b and 6?
2
Let s = 295 - 160. Calculate the highest common factor of s and 15.
15
Let y = 0 + 7. Let u(t) = t + t**2 - 3*t - 2*t. Let v be u(-7). Calculate the highest common divisor of v and y.
7
Let p = 12 + -6. Suppose 2*x + 2*a - 14 = -x, 2*x + 4*a = 4. Calculate the greatest common factor of x and p.
6
Let x = -71 + 113. Let c = -6 - -12. What is the greatest common factor of x and c?
6
Suppose 0 = -3*d + d - 2*p + 266, 6 = 2*p. Let v = d + 5. What is the highest common divisor of v and 15?
15
Let x = -23 - -55. What is the greatest common factor of 4 and x?
4
Let l be (-2)/6 + (-50)/(-6). Let q be -2 - -1 - (-1 - l). Let w be (-4)/(-10) - 474/(-15). What is the highest common factor of q and w?
8
Let w be (6/8)/((-3)/(-48)). Let v = -30 - -54. Calculate the highest common divisor of w and v.
12
Let h(r) = 7*r. Let d be h(6). Suppose 2*t - t + 3*m - 14 = 0, -5*m + 28 = 2*t. What is the greatest common divisor of t and d?
14
Let w(s) = s**3 - s**2 - s. Let o be w(3). Let v(p) = 45*p**3 + p**2 - 2*p + 1. Let u = -1 - -2. Let x be v(u). Calculate the greatest common factor of x and o.
15
Let w = 301 - 205. What is the highest common divisor of 32 and w?
32
Let o be 4/18 - 4262/(-18). Suppose -o = 7*c - 4*c. Let a = -16 - c. What is the highest common factor of 9 and a?
9
Let b = 7 - 16. Let t be 12/b*(-18)/4. Suppose -2*k + 162 = k. Calculate the greatest common divisor of k and t.
6
Let m(q) = -6*q + 8. Let g be m(-4). Calculate the highest common factor of g and 16.
16
Let u(g) = 6*g**2 + 3*g. Let x be u(-6). What is the greatest common divisor of 18 and x?
18
Suppose 3*b + 7*q - 3*q + 11 = 0, -5*b - 3*q = 0. Suppose -3*t + 24 = b*l, 3*t + 7*l - 2*l = 14. Calculate the greatest common divisor of 13 and t.
13
Suppose 112 = c + c. Calculate the greatest common factor of 8 and c.
8
Let u(z) = 4*z**2 + 5*z + z**2 - 4*z**2. Let m be u(-7). Calculate the highest common factor of m and 2.
2
Suppose 0 = -2*c - 2*o + 12, 0 = -3*c + 3*o + 12. Let y be 44 - -2 - 2 - -1. Calculate the highest common factor of y and c.
5
Let h(r) = -r**2 - 5*r + 2. Let l be h(-5). Suppose 0 = 3*x + 1 + l. Let f = x - -13. Calculate the highest common divisor of f and 4.
4
Let l(c) = 5*c**2 - 3*c + 2. Let t be l(2). Calculate the greatest common factor of t and 16.
16
Let v be (1 - (-3)/(-12))*4. Suppose 2*l - 5*w = 44, v*l + 2*w - 3 = 25. Calculate the highest common factor of l and 132.
12
Suppose 59 = 5*p - 136. What is the greatest common factor of 13 and p?
13
Suppose 3*q = -x + 3*x + 47, 0 = 3*x + 12. Let r be (1 + 1)/1*13. Calculate the highest common factor of r and q.
13
Let h(v) be the third derivative of v**6/120 - v**5/12 - v**4/12 - 2*v**3/3 - 10*v**2. Let o be h(6). Calculate the greatest common factor of 50 and o.
10
Let k = 50 + -7. What is the highest common divisor of k and 129?
43
Let l(t) = -t**3 - 2*t**2 + t - 3. Let j(z) = -z - 15. Let b be j(-12). Let q be l(b). Calculate the greatest common divisor of q and 21.
3
Suppose v = -4*v + 95. Let a be (-1 + -3)/((-2)/76). What is the greatest common divisor of a and v?
19
Suppose 0 = 3*d + 3*b - 78, 0 = 2*d - 7*b + 2*b - 17. Calculate the highest common divisor of d and 7.
7
Let g(o) = 7*o**2 + 8*o + 2. Let c(u) = u**2 + u. Let h(m) = -6*c(m) + g(m). Let p be h(-4). What is the greatest common factor of p and 15?
5
Let a(y) = -y + 3. Let i be a(-3). Suppose 0 = 8*d - i*d - 48. Calculate the greatest common divisor of d and 36.
12
Suppose 584 = 4*l + 4*c, 316 = -l + 3*l - 4*c. Calculate the highest common divisor of 50 and l.
50
Suppose 0 = -0*q - 5*q - 4*r + 1092, -3*q = -3*r - 666. Suppose -4*h + q = -160. Calculate the highest common divisor of h and 19.
19
Let j = 25 - 11. What is the greatest common factor of j and 70?
14
Let m(a) = a**3 - 2*a + 16. Let k be m(0). What is the greatest common divisor of k and 24?
8
Suppose 40 = 3*o - o. What is the highest common divisor of 10 and o?
10
Let m = 16 - 6. Let x be (16/(-5))/((-2)/m). Let l be 16 - 0 - 0/(-2). What is the highest common factor of l and x?
16
Let d = 30 - 3. Let w be (-2 + -20)*d/(-6). Let c = 19 - 8. Calculate the highest common divisor of c and w.
11
Let i(a) = -a**2 - 15*a + 22. Let z be i(-15). What is the highest common divisor of 2 and z?
2
Let g(o) = -o**2 - 10*o - 8. Let z be g(-6). Calculate the greatest common factor of 32 and z.
16
Suppose 12*o = 6*o + 132. Calculate the highest common divisor of o and 242.
22
Suppose 374 = 4*j - 2*h, -3*j + 288 = -3*h - 0*h. Let s(i) = i**2 - 11*i + 13. Let x be s(11). What is the highest common factor of j and x?
13
Suppose 0 = -4*j + 2*j + 16. Suppose -13 = i - 0. Let h = 14 + i. What is the greatest common factor of h and j?
1
Let r = 850 + -486. Suppose -r = -5*c - 139. Calculate the highest common divisor of c and 5.
5
Suppose -3*m + 4*j + 324 = 0, -4*j - 68 = -5*m + 472. Calculate the highest common divisor of 12 and m.
12
Let w(j) be the second derivative of 117*j**3/2 - j**2/2 + 2*j. Let y be w(1). Suppose -m - y = -6*m. What is the greatest common factor of 7 and m?
7
Suppose -5*t = 5, 4*t - 4 = -u + 6*t. Suppose -2*v + 48 = u*v. Suppose -x + 11 = -1. What is the greatest common factor of x and v?
12
Let y be (0 + -3)/(6/(-282)). Suppose -3*q + y = 45. What is the greatest common divisor of 80 and q?
16
Let d(o) = -2*o**3 + 3*o**2 - 2*o + 1. Let s be d(2). Let v = s + 22. Calculate the highest common divisor of 150 and v.
15
Suppose 3*t + a - 61 = 0, 2*t + 2*t - 2*a - 78 = 0. What is the greatest common factor of 160 and t?
20
Let h be 188/12 - (-4)/(-6). What is the greatest common divisor of h and 135?
15
Suppose -81 = 2*k - k. Let i = -4 - k. Suppose 2*x + f - 2 = 15, -49 = -4*x + f. Calculate the greatest common factor of i and x.
11
Let m(f) = f**2 - 2*f - 5. Let y be m(4). Suppose y*g - 32 = g. Let h = 30 - g. Calculate the highest common divisor of h and 56.
14
Let g be (1/6)/(12/72). Calculate the highest common divisor of g and 7.
1
Let p = -109 - -129. What is the highest common divisor of 40 and p?
20
Let o(g) = -g - 1. Let b be o(-6). Let u be b*(124/10 + -2). What is the greatest common factor of 13 and u?
13
Let i = -2 + 16. What is the highest common factor of i and 28?
14
Let f(k) = -k + 28. Let w be f(9). Suppose 20 = 3*y - w. What is the highest common divisor of 